)?
6
Let o(q) = q**2 - 8*q + 9. Let m = 135 - 127. What is o(m)?
9
Let t(v) = 6*v + 1. Suppose 2*m = 4*m. Let s be 8 + -1*(m + 2). Suppose -2*l = 2*w + s, -2*l - 7 = -3*w + 3*l. Give t(w).
-5
Let r(c) = c + 1. Let x be (-235)/25 + (-2)/(-5). Let i = x + 2. What is r(i)?
-6
Let r(m) = 3*m - 14*m + 9*m + 6*m. Determine r(4).
16
Let s(g) = -g - 1. Suppose 0 = -2*a - 0 + 6. Let y(q) = -4*q + 2. Suppose t + 4 = -1, 0 = -5*l - 4*t - 25. Let w(d) = a*s(d) + l*y(d). Give w(5).
0
Let t be 2 - (0/3)/(-3). Let n(z) = -1. Let g(r) = -11*r - 22. Let u(m) = t*n(m) + g(m). Let k(a) = -7*a - 16. Let y(i) = -8*k(i) + 5*u(i). Determine y(-6).
2
Let y(d) be the first derivative of 0*d**2 - 1/8*d**4 + 1/120*d**5 + 0*d - 3 - 2/3*d**3. Let w(c) be the third derivative of y(c). Calculate w(-4).
-7
Let l(w) = -4*w**2 + 4 - 4*w**3 + 5*w**3 - 9*w + 6*w. Give l(4).
-8
Suppose 14 = -2*m - 4*j, -3*m - m - 5*j - 25 = 0. Let d = 24 - 20. Let n(f) = f + 0 - 4 + d + 3. What is n(m)?
-2
Let p(z) = 16 + 3*z - 8 - 8. Suppose -2 = 3*s - s. Let h = s + -1. Determine p(h).
-6
Suppose 0*k - 7*k = -42. Let m(b) = -2 + 2*b + b - 7. Let z(y) = y - 1. Let o(d) = -m(d) + z(d). Give o(k).
-4
Suppose -4*r = -5*s - 21 - 3, 4*r = -5*s - 16. Let k(l) = -l**2 + 5*l - 2. Let h be k(4). Let g(q) = h*q + 9*q - 2*q. Determine g(r).
9
Let j(x) = -4*x**2 + x**3 - 2*x**2 - x - 2*x**3. Let z(u) = u**3 + 5*u**2 - 1. Let w = 47 - 49. Let p(r) = w*j(r) - 3*z(r). Give p(-3).
-3
Let b(k) = -k**3 + 5*k**2 + 5*k + 8. Let z be b(6). Let v(x) = -50 + 50 + 2*x. Determine v(z).
4
Suppose -4*f - 15 - 5 = -2*t, 5*f - 2*t + 27 = 0. Let q(m) = m**2 + 4*m - 4. Determine q(f).
17
Let v(i) = -i**2. Let d(t) = 2*t**2 + t + 1. Suppose 3 = -4*x + x. Let s(h) = x*d(h) - 3*v(h). What is s(2)?
1
Let x be (-1 + 1 - 1)/1. Suppose 4*j - 1137 = 8*z - 3*z, -15 = 3*z. Let u(a) = a**2 - 2 + 280*a + 3 - j*a. Calculate u(x).
0
Suppose u - 11 = -4*j + 10, 0 = 3*u + 4*j - 23. Let d = u - -15. Let b be (6/(-4))/(8/d). Let m(g) = g + 3. Calculate m(b).
0
Let a(g) = -g**2 - 5. Let l(d) = -d**2 - 4. Let p(o) = 3*a(o) - 4*l(o). Let t = -2 + 2. Suppose 5*z - 3*z = t. Calculate p(z).
1
Let t(l) = 5*l - 2. Let y(f) = 6*f - 2. Let d(u) = -5*t(u) + 4*y(u). Let k(o) = -o**2 - 6*o + 9. Let m be k(-9). Let w be (-4)/m - 4/18. What is d(w)?
2
Let p(u) = -u**2 - 5*u + 2. Let i(o) = o**2 - 9*o + 2. Let w(j) = 7*j - j - 4 + 2*j - 4*j. Let m be w(3). Let v be i(m). Calculate p(v).
-4
Let h(m) be the third derivative of -2*m**2 + 1/30*m**5 + 0 + 1/24*m**4 + 0*m + 0*m**3. What is h(-1)?
1
Suppose -10 = -5*j + 3*j. Suppose 0 - 9 = k + 5*g, -k + j = -2*g. Let l(o) be the third derivative of o**4/4 - o**3/6 + 7*o**2. What is l(k)?
5
Let m(p) = -p**2 + 4*p + 2. Let x be (-2 - 1) + 51 - 0. Suppose 7*r = -13 + x. Calculate m(r).
-3
Let d(m) = 2*m**2 + 4*m. Suppose r - 2*l + 5 = 4, 5*r - 4*l = 13. Suppose 7 + r = -4*j. Give d(j).
6
Let t be 4/(-22) - (-70)/22. Let v(p) be the first derivative of p**3/3 - p**2 - 5*p - 6. Let i(w) be the first derivative of v(w). Determine i(t).
4
Let c(i) = -i**2 - 1. Suppose 4*y + 5*v = y + 13, 4*v - 14 = -3*y. Suppose -2 - y = -4*x. Suppose -x = -2*h - 6. What is c(h)?
-5
Let j(a) = -1 - 1 + 2*a**2 + 5 - 1. What is j(2)?
10
Suppose 5*i = -0*g + 3*g + 8, 0 = -5*g - i + 24. Let b(c) = c + 4*c**2 - c**3 + c - 2 + 0*c**3. Give b(g).
6
Let s(x) = -x**3 - x**2 - x + 1. Let u be (0 + 3/1)/(-1). Let m(w) = -2*w - 3. Let r be m(-3). Let o = r + u. Give s(o).
1
Let t(p) = p**3 - 13*p**2 - p + 7. Let a be t(13). Let l(g) be the second derivative of g**5/20 + 7*g**4/12 + 2*g**3/3 - 4*g**2 + 9*g. Calculate l(a).
4
Let a = 11 + -7. Let l(w) be the first derivative of -w**2/2 + 2*w + 2. Calculate l(a).
-2
Suppose 2*d - 4*d = 4*m + 20, d = -m - 5. Let h(o) = -6*o - 3. Let c(l) = -7*l - 4. Let a(b) = m*h(b) + 4*c(b). Calculate a(3).
5
Let h = 11 - 6. Suppose 5*f = -4*i + 3, -2 = h*i + 3*f - 9. Let n(g) = -5*g**2 - g**i + 1 + g**3 - 3*g + 3*g**2 - 2*g. Calculate n(4).
-3
Let s(j) = 3*j + 3 + 0*j - j. Determine s(-7).
-11
Let u(v) = 3*v. Suppose 5 = 2*a + 5*n + 26, -4*n - 26 = -3*a. Suppose -a*d + 2 = -0. Let q be (d - -1)/(1*-1). Give u(q).
-6
Suppose 5*k = k - 3*n + 23, 0 = 3*k + 3*n - 21. Let u(w) = w - 4*w**2 - 1 + w - k*w**2. Give u(1).
-5
Let u(h) = 6*h - 14. Let j(t) = 5*t - 13. Let d(v) = -7*j(v) + 6*u(v). What is d(0)?
7
Let l = -3 + 4. Suppose 5*j + 16 - l = 0. Let c(m) = -3 - 5*m + 0*m + 4*m + 2*m. Give c(j).
-6
Let r(n) be the first derivative of -2*n**2 + 2*n - 6. Determine r(2).
-6
Suppose -7*m + 84 = 5*m. Let i(t) = -t**3 + 6*t**2 + 7*t + 9. Give i(m).
9
Let b(u) = u**3 + u**2 + u + 8. Let h(q) = -1. Let r(x) = b(x) - 4*h(x). Calculate r(0).
12
Suppose 0 = -4*r - 29 + 1. Let y = 11 + r. Let z(s) = -2*s - s**3 + 2*s - 1 + y*s - 6*s + 3*s**2. Give z(2).
-1
Let z(j) be the first derivative of -j**3/6 + 2*j - 3. Let u(v) be the first derivative of z(v). Determine u(0).
0
Let k(p) = -3 + 0*p + 2*p + 3*p - 4*p. Suppose -12 = -3*y, -4*y = -4*m - m - 1. Calculate k(m).
0
Let x(a) be the second derivative of -5/6*a**3 + 0 + 0*a**2 - 7*a. Calculate x(-3).
15
Suppose -7 = -5*f - 32. Let s(z) = -z**3 - 4*z**2 + 6*z + 3. Give s(f).
-2
Let h(f) = f - 7. Let s be 0 + -4 + (-16)/(-8) + 2. Determine h(s).
-7
Let s(o) = 17 + 9*o - 22 - 5*o**2 - 16*o - o**3. Let n be (2 - 2) + -6 + 2. Calculate s(n).
7
Let l = -5 + 8. Let u(n) = -3*n**2 + n + l*n**2 - 2*n**2 - 9*n**3 + n**2 + 1. Calculate u(-1).
8
Let b(q) = -13*q - 10. Let i(x) = 20*x + 15. Let a(f) = -8*b(f) - 5*i(f). Determine a(-4).
-11
Let f(l) = -8*l - 1. Let p be f(-2). Suppose -p = 5*n - 2*n. Let h(g) = g**3 + 5*g**2 - g + 2. Calculate h(n).
7
Let n(v) be the third derivative of -v**5/60 - v**4/6 - v**3/2 + 3*v**2. What is n(-4)?
-3
Let a = -10 - -7. Let c(b) = 2*b**3 - 2*b**2 - 5*b + 7. Let i(t) = -t**3 + 2 + t**2 - 2 + 3*t - 3 - 1. Let s(v) = a*c(v) - 5*i(v). Calculate s(1).
-1
Let m(g) be the first derivative of -g**3/3 - g**2/2 + 13. Give m(0).
0
Suppose -5*k = -24 - 6. Suppose 4*u - u = 3*l + 9, l + k = -2*u. Let g(i) = 0*i**2 + 3*i + 3*i**2 - 2*i**2 - 2. What is g(l)?
2
Let y(q) = -1 - 3*q + 5 - 2. Suppose -5*m + 6 = 31. Let p = m - -8. Calculate y(p).
-7
Let s(a) = -a**2 - 2*a + 2. Suppose -n - g = g + 13, 0 = 5*n + 4*g + 41. Determine s(n).
-13
Let u = -2 - -2. Let w = -1 + u. Let v(a) = 8*a**3 + a + 1. Determine v(w).
-8
Let l(x) be the first derivative of 2 + 3/2*x**2 + 0*x. Suppose 5*r - 10 = -0. What is l(r)?
6
Let h(o) = 6 - 12 - 2*o + 3. Calculate h(-5).
7
Let g(c) = 14*c + 8. Let b(p) = 9*p + 5. Let j(z) = -8*b(z) + 5*g(z). Calculate j(-3).
6
Let f(r) = r. Let j(d) = -d**2 + 4*d + 4. Let l(o) = -5*f(o) + j(o). Let t = 30 + -27. Suppose 2*s + 4 = -4*p, -t*p + 2 = 4*s + 10. What is l(p)?
4
Let w(s) = -9*s + 7. Let c(k) = -19*k + 15. Let y(q) = -6*c(q) + 13*w(q). Determine y(2).
-5
Suppose -4*l + 0*l - 12 = -2*i, 0 = -i - 2*l - 6. Suppose -3*s + 16 = m, 5*m + 10 = 3*s - i*s. Suppose 5 - 20 = -s*j. Let h(n) = n**2 - 3*n + 1. Determine h(j).
1
Let z be (20/8 + -3)*-32. Let f(t) = -4*t**3 + z*t**3 - 1 - 2 + 2*t + 2. Determine f(1).
13
Let h = -34 + 60. Suppose k + 5*f + h = -3*k, k + 5*f = -14. Let y(b) be the second derivative of b**4/12 + 5*b**3/6 + b**2/2 + 3*b. Give y(k).
-3
Let i(d) be the third derivative of d**4/6 + d**3/6 + 2*d**2. Determine i(-1).
-3
Let q(w) = -w**2 + 4*w - 2. Suppose -k = -6*k + 25. Give q(k).
-7
Let s(r) = r**3 + r**2 - r - 4. Let h(p) = p - 1. Let y be h(3). Suppose y*b = 4*a + 5*b + 9, -4*a = -3*b - 9. Give s(a).
-4
Let x(j) be the third derivative of j**4/24 - j**3/3 + 12*j**2. Give x(4).
2
Let f(s) be the first derivative of -s**4/4 - 2*s**3 + s**2 + 4*s - 37. Determine f(-6).
-8
Let z(v) be the first derivative of -v**4/12 - 2*v**3/3 + v**2/2 + 1. Let k(j) be the second derivative of z(j). What is k(-3)?
2
Suppose 4*r + g - 26 = -g, 0 = 3*r - 5*g + 13. Suppose -2*y - 6 = -r*y. Let t(a) = 8*a**2 + 2*a - 1 - 3*a**2 - 2*a + a**y. Give t(-5).
-1
Suppose 7*h = 2*h - 5*t + 35, -4*t + 22 = 2*h. Suppose 2*s - 2*z - 2 = 0, 2*z - 2 = -0*z. Let o(i) = 5*i + 0*i - 3 - s*i + i. Calculate o(h).
9
Let d(t) be the second derivative of -t**7/2520 - t**6/720 - t**5/120 + t**4/4 - 3*t. Let n(i) be the third derivative of d(i). Determine n(-2).
-3
Let o(k) = -4*k**